{"id":1492,"date":"2017-01-30T20:46:30","date_gmt":"2017-01-30T20:46:30","guid":{"rendered":"http:\/\/www.cjfbadminton-stmalo.com\/?page_id=1492"},"modified":"2021-08-18T17:49:10","modified_gmt":"2021-08-18T17:49:10","slug":"soiree-blackminton","status":"publish","type":"page","link":"http:\/\/www.cjfbadminton-stmalo.com\/?page_id=1492","title":{"rendered":"Soir\u00e9e Blackminton"},"content":{"rendered":"<h3>La crise sanitaire li\u00e9e \u00e0 la Covid19 a eu raison de nos soir\u00e9es blackminton 2020 et 2021.&nbsp;Nous ne savons pas encore si nous pourrons tenir une nouvelle \u00e9dition.<br \/>\nAlors en attendant, on vous partage ici&nbsp;quelques souvenirs des \u00e9ditions pr\u00e9c\u00e9dentes &#8230;<\/h3>\n<p><iframe loading=\"lazy\" title=\"Soir\u00e9e Blackminton - CJF Badminton Saint-Malo\" width=\"604\" height=\"340\" src=\"https:\/\/www.youtube.com\/embed\/XoNfQ5EPCVY?feature=oembed\" frameborder=\"0\" allow=\"accelerometer; autoplay; clipboard-write; encrypted-media; gyroscope; picture-in-picture; web-share\" referrerpolicy=\"strict-origin-when-cross-origin\" allowfullscreen><\/iframe><\/p>\n<p>&nbsp;<\/p>\nngg_shortcode_0_placeholder\n<blockquote><p>Ils en ont parl\u00e9 &#8230;<\/p><\/blockquote>\n<ul>\n<li>Sur le&nbsp;<a href=\"https:\/\/actu.fr\/bretagne\/saint-malo_35288\/a-saint-malo-on-joue-badminton-dans-noir_14964535.html\" target=\"_blank\" rel=\"noopener noreferrer\">Pays Malouin<\/a><\/li>\n<\/ul>\n<blockquote><p>Toutes nos photos et vid\u00e9os :<\/p><\/blockquote>\n<ul>\n<li>sur notre <a href=\"https:\/\/www.facebook.com\/pages\/CJF-Badminton\/307985659316101\" target=\"_blank\" rel=\"noopener noreferrer\">fan page<\/a><\/li>\n<li>ou <a href=\"https:\/\/goo.gl\/photos\/nejeZ8bVo4HNb2CK8\" target=\"_blank\" rel=\"noopener noreferrer\">encore ici<\/a>&nbsp;<\/li>\n<\/ul>\n","protected":false},"excerpt":{"rendered":"<p>La crise sanitaire li\u00e9e \u00e0 la Covid19 a eu raison de nos soir\u00e9es blackminton 2020 et 2021.&nbsp;Nous ne savons pas encore si nous pourrons tenir une nouvelle \u00e9dition. Alors en attendant, on vous partage ici&nbsp;quelques souvenirs des \u00e9ditions pr\u00e9c\u00e9dentes &#8230; &nbsp; Ils en ont parl\u00e9 &#8230; Sur le&nbsp;Pays Malouin Toutes nos photos et vid\u00e9os : &hellip; <a href=\"http:\/\/www.cjfbadminton-stmalo.com\/?page_id=1492\" class=\"more-link\">Continuer la lecture de <span class=\"screen-reader-text\">Soir\u00e9e Blackminton<\/span> <span class=\"meta-nav\">&rarr;<\/span><\/a><\/p>\n","protected":false},"author":2,"featured_media":0,"parent":0,"menu_order":0,"comment_status":"closed","ping_status":"closed","template":"","meta":{"ngg_post_thumbnail":0,"footnotes":""},"class_list":["post-1492","page","type-page","status-publish","hentry"],"_links":{"self":[{"href":"http:\/\/www.cjfbadminton-stmalo.com\/index.php?rest_route=\/wp\/v2\/pages\/1492","targetHints":{"allow":["GET"]}}],"collection":[{"href":"http:\/\/www.cjfbadminton-stmalo.com\/index.php?rest_route=\/wp\/v2\/pages"}],"about":[{"href":"http:\/\/www.cjfbadminton-stmalo.com\/index.php?rest_route=\/wp\/v2\/types\/page"}],"author":[{"embeddable":true,"href":"http:\/\/www.cjfbadminton-stmalo.com\/index.php?rest_route=\/wp\/v2\/users\/2"}],"replies":[{"embeddable":true,"href":"http:\/\/www.cjfbadminton-stmalo.com\/index.php?rest_route=%2Fwp%2Fv2%2Fcomments&post=1492"}],"version-history":[{"count":47,"href":"http:\/\/www.cjfbadminton-stmalo.com\/index.php?rest_route=\/wp\/v2\/pages\/1492\/revisions"}],"predecessor-version":[{"id":2649,"href":"http:\/\/www.cjfbadminton-stmalo.com\/index.php?rest_route=\/wp\/v2\/pages\/1492\/revisions\/2649"}],"wp:attachment":[{"href":"http:\/\/www.cjfbadminton-stmalo.com\/index.php?rest_route=%2Fwp%2Fv2%2Fmedia&parent=1492"}],"curies":[{"name":"wp","href":"https:\/\/api.w.org\/{rel}","templated":true}]}}

Soirée Blackminton

<h3>La crise sanitaire liée à la Covid19 a eu raison de nos soirées blackminton 2020 et 2021.&nbsp;Nous ne savons pas encore si nous pourrons tenir une nouvelle édition.<br />
Alors en attendant, on vous partage ici&nbsp;quelques souvenirs des éditions précédentes &#8230;</h3>
<p><iframe loading="lazy" title="Soirée Blackminton - CJF Badminton Saint-Malo" width="604" height="340" src="https://www.youtube.com/embed/XoNfQ5EPCVY?feature=oembed" frameborder="0" allow="accelerometer; autoplay; clipboard-write; encrypted-media; gyroscope; picture-in-picture; web-share" referrerpolicy="strict-origin-when-cross-origin" allowfullscreen></iframe></p>
<p>&nbsp;</p>
ngg_shortcode_0_placeholder
<blockquote><p>Ils en ont parlé &#8230;</p></blockquote>
<ul>
<li>Sur le&nbsp;<a href="https://actu.fr/bretagne/saint-malo_35288/a-saint-malo-on-joue-badminton-dans-noir_14964535.html" target="_blank" rel="noopener noreferrer">Pays Malouin</a></li>
</ul>
<blockquote><p>Toutes nos photos et vidéos :</p></blockquote>
<ul>
<li>sur notre <a href="https://www.facebook.com/pages/CJF-Badminton/307985659316101" target="_blank" rel="noopener noreferrer">fan page</a></li>
<li>ou <a href="https://goo.gl/photos/nejeZ8bVo4HNb2CK8" target="_blank" rel="noopener noreferrer">encore ici</a>&nbsp;</li>
</ul>

<p>La crise sanitaire liée à la Covid19 a eu raison de nos soirées blackminton 2020 et 2021.&nbsp;Nous ne savons pas encore si nous pourrons tenir une nouvelle édition. Alors en attendant, on vous partage ici&nbsp;quelques souvenirs des éditions précédentes &#8230; &nbsp; Ils en ont parlé &#8230; Sur le&nbsp;Pays Malouin Toutes nos photos et vidéos : &hellip; <a href="http://www.cjfbadminton-stmalo.com/?page_id=1492" class="more-link">Continuer la lecture de <span class="screen-reader-text">Soirée Blackminton</span> <span class="meta-nav">&rarr;</span></a></p>
