{"id":2,"date":"2010-09-30T13:49:33","date_gmt":"2010-09-30T13:49:33","guid":{"rendered":"http:\/\/geraldine.gouin.free.fr\/wordpress\/?page_id=2"},"modified":"2020-08-28T16:40:50","modified_gmt":"2020-08-28T16:40:50","slug":"a-propos","status":"publish","type":"page","link":"http:\/\/www.cjfbadminton-stmalo.com\/?page_id=2","title":{"rendered":"Le Club"},"content":{"rendered":"<h2>Le Club<\/h2>\n<h4>Bienvenue au CJF Badminton, une des section du <a href=\"http:\/\/cjf-saintmalo.com\/\" target=\"_blank\" rel=\"noopener\">CJF St Malo<\/a>&nbsp;o\u00f9 vous pourrez pratiquer le badminton selon vos envies, en mode loisir ou en mode comp\u00e9titeur, pour vous les jeunes ou un peu plus \u00e2g\u00e9s&#8230;<\/h4>\n<h6>Pour un peu plus de d\u00e9tail sur :<\/h6>\n<ul>\n<li>\n<h6>Les <a href=\"http:\/\/www.cjfbadminton-stmalo.com\/?page_id=2039\">cr\u00e9neaux Adultes<\/a><\/h6>\n<\/li>\n<li>\n<h6>les <a href=\"http:\/\/www.cjfbadminton-stmalo.com\/?page_id=2339\">cr\u00e9neaux Jeunes<\/a><\/h6>\n<\/li>\n<li>\n<h6>les <a href=\"http:\/\/www.cjfbadminton-stmalo.com\/?page_id=2046\">inscriptions<\/a><\/h6>\n<\/li>\n<li>\n<h6>les <a href=\"http:\/\/www.cjfbadminton-stmalo.com\/?page_id=2042\">comp\u00e9titions<\/a><\/h6>\n<\/li>\n<\/ul>\n<h2>&nbsp;<\/h2>\n","protected":false},"excerpt":{"rendered":"<p>Le Club Bienvenue au CJF Badminton, une des section du CJF St Malo&nbsp;o\u00f9 vous pourrez pratiquer le badminton selon vos envies, en mode loisir ou en mode comp\u00e9titeur, pour vous les jeunes ou un peu plus \u00e2g\u00e9s&#8230; Pour un peu plus de d\u00e9tail sur : Les cr\u00e9neaux Adultes les cr\u00e9neaux Jeunes les inscriptions les comp\u00e9titions &hellip; <a href=\"http:\/\/www.cjfbadminton-stmalo.com\/?page_id=2\" class=\"more-link\">Continuer la lecture de <span class=\"screen-reader-text\">Le Club<\/span> <span class=\"meta-nav\">&rarr;<\/span><\/a><\/p>\n","protected":false},"author":1,"featured_media":0,"parent":0,"menu_order":0,"comment_status":"closed","ping_status":"open","template":"","meta":{"ngg_post_thumbnail":0,"footnotes":""},"class_list":["post-2","page","type-page","status-publish","hentry"],"_links":{"self":[{"href":"http:\/\/www.cjfbadminton-stmalo.com\/index.php?rest_route=\/wp\/v2\/pages\/2","targetHints":{"allow":["GET"]}}],"collection":[{"href":"http:\/\/www.cjfbadminton-stmalo.com\/index.php?rest_route=\/wp\/v2\/pages"}],"about":[{"href":"http:\/\/www.cjfbadminton-stmalo.com\/index.php?rest_route=\/wp\/v2\/types\/page"}],"author":[{"embeddable":true,"href":"http:\/\/www.cjfbadminton-stmalo.com\/index.php?rest_route=\/wp\/v2\/users\/1"}],"replies":[{"embeddable":true,"href":"http:\/\/www.cjfbadminton-stmalo.com\/index.php?rest_route=%2Fwp%2Fv2%2Fcomments&post=2"}],"version-history":[{"count":75,"href":"http:\/\/www.cjfbadminton-stmalo.com\/index.php?rest_route=\/wp\/v2\/pages\/2\/revisions"}],"predecessor-version":[{"id":2578,"href":"http:\/\/www.cjfbadminton-stmalo.com\/index.php?rest_route=\/wp\/v2\/pages\/2\/revisions\/2578"}],"wp:attachment":[{"href":"http:\/\/www.cjfbadminton-stmalo.com\/index.php?rest_route=%2Fwp%2Fv2%2Fmedia&parent=2"}],"curies":[{"name":"wp","href":"https:\/\/api.w.org\/{rel}","templated":true}]}}