{"id":2042,"date":"2017-11-05T20:36:28","date_gmt":"2017-11-05T20:36:28","guid":{"rendered":"http:\/\/www.cjfbadminton-stmalo.com\/?page_id=2042"},"modified":"2025-09-23T07:13:26","modified_gmt":"2025-09-23T07:13:26","slug":"competitions","status":"publish","type":"page","link":"http:\/\/www.cjfbadminton-stmalo.com\/?page_id=2042","title":{"rendered":"Comp\u00e9titions"},"content":{"rendered":"\n<h2 class=\"wp-block-heading\">Les championnats Interclubs<\/h2>\n\n\n\n<h3 class=\"wp-block-heading\"><strong>Cinq \u00e9quipes participent aux championnats interclubs<\/strong> :<\/h3>\n\n\n\n<ul class=\"wp-block-list\">\n<li>3 \u00e9quipes&nbsp; dans le championnat<strong> Mixte Senior<\/strong><\/li>\n\n\n\n<li>1 \u00e9quipe dans le championnat <strong>Hommes<\/strong><\/li>\n\n\n\n<li>1 \u00e9quipe dans le championnat <strong>Dames<\/strong><\/li>\n\n\n\n<li>1 \u00e9quipe dans le championnat <strong>Loisirs<\/strong><\/li>\n<\/ul>\n\n\n\n<h2 class=\"wp-block-heading\">Tournois<\/h2>\n\n\n\n<h3 class=\"wp-block-heading\"><strong>Deux types de tournois sont propos\u00e9s :<\/strong><\/h3>\n\n\n\n<blockquote class=\"wp-block-quote is-layout-flow wp-block-quote-is-layout-flow\">\n<h3 class=\"wp-block-heading\">Les tournois adultes officiels &nbsp;<\/h3>\n<\/blockquote>\n\n\n\n<p>Ils se d\u00e9roulant en g\u00e9n\u00e9ral le week-end et le plus souvent aux alentours de Rennes. Bien \u00e9videmment, nous vous conseillons <strong>le premier des Tournois du 35 : le notre ! <\/strong><\/p>\n\n\n\n<p>Depuis une dizaine d\u2019ann\u00e9e, 9 Tournois des Corsaires ont eu lieu et ont connus un grand succ\u00e8s aupr\u00e8s d\u2019un nombre croissant de participants. La prochaine \u00e9dition du Tournoi des Corsaires aura lieu les 21 et 22 f\u00e9vrier 2026.<\/p>\n\n\n\n<figure class=\"wp-block-gallery has-nested-images columns-default is-cropped wp-block-gallery-1 is-layout-flex wp-block-gallery-is-layout-flex\">\n<figure class=\"wp-block-image size-large\"><img loading=\"lazy\" decoding=\"async\" width=\"724\" height=\"1024\" data-id=\"2958\" src=\"http:\/\/www.cjfbadminton-stmalo.com\/wp-content\/uploads\/TournoiDesCorsaires2025-724x1024.jpg\" alt=\"\" class=\"wp-image-2958\" srcset=\"http:\/\/www.cjfbadminton-stmalo.com\/wp-content\/uploads\/TournoiDesCorsaires2025-724x1024.jpg 724w, http:\/\/www.cjfbadminton-stmalo.com\/wp-content\/uploads\/TournoiDesCorsaires2025-212x300.jpg 212w, http:\/\/www.cjfbadminton-stmalo.com\/wp-content\/uploads\/TournoiDesCorsaires2025-768x1086.jpg 768w, http:\/\/www.cjfbadminton-stmalo.com\/wp-content\/uploads\/TournoiDesCorsaires2025-1086x1536.jpg 1086w, http:\/\/www.cjfbadminton-stmalo.com\/wp-content\/uploads\/TournoiDesCorsaires2025-1448x2048.jpg 1448w, http:\/\/www.cjfbadminton-stmalo.com\/wp-content\/uploads\/TournoiDesCorsaires2025-scaled.jpg 1810w\" sizes=\"auto, (max-width: 724px) 100vw, 724px\" \/><\/figure>\n\n\n\n<figure class=\"wp-block-image size-large\"><img loading=\"lazy\" decoding=\"async\" width=\"724\" height=\"1024\" data-id=\"2807\" src=\"http:\/\/www.cjfbadminton-stmalo.com\/wp-content\/uploads\/Affiche-tournoi-2023-WEB-RVB-DEF-724x1024.jpg\" alt=\"\" class=\"wp-image-2807\" srcset=\"http:\/\/www.cjfbadminton-stmalo.com\/wp-content\/uploads\/Affiche-tournoi-2023-WEB-RVB-DEF-724x1024.jpg 724w, http:\/\/www.cjfbadminton-stmalo.com\/wp-content\/uploads\/Affiche-tournoi-2023-WEB-RVB-DEF-212x300.jpg 212w, http:\/\/www.cjfbadminton-stmalo.com\/wp-content\/uploads\/Affiche-tournoi-2023-WEB-RVB-DEF-768x1086.jpg 768w\" sizes=\"auto, (max-width: 724px) 100vw, 724px\" \/><\/figure>\n\n\n\n<figure class=\"wp-block-image size-large\"><img loading=\"lazy\" decoding=\"async\" width=\"724\" height=\"1024\" data-id=\"2718\" src=\"http:\/\/www.cjfbadminton-stmalo.com\/wp-content\/uploads\/Affiche-tournoi-double-2022-DEF-724x1024.jpg\" alt=\"Affiche du 8\u00e8me Tournoi des Corsaires 2022 - CJF Badminton\" class=\"wp-image-2718\" srcset=\"http:\/\/www.cjfbadminton-stmalo.com\/wp-content\/uploads\/Affiche-tournoi-double-2022-DEF-724x1024.jpg 724w, http:\/\/www.cjfbadminton-stmalo.com\/wp-content\/uploads\/Affiche-tournoi-double-2022-DEF-212x300.jpg 212w, http:\/\/www.cjfbadminton-stmalo.com\/wp-content\/uploads\/Affiche-tournoi-double-2022-DEF-768x1086.jpg 768w, http:\/\/www.cjfbadminton-stmalo.com\/wp-content\/uploads\/Affiche-tournoi-double-2022-DEF.jpg 1754w\" sizes=\"auto, (max-width: 724px) 100vw, 724px\" \/><\/figure>\n<\/figure>\n\n\n\n<p>Vous retrouvez la liste compl\u00e8te des tournois autoris\u00e9s sur les sites d\u00e9di\u00e9s<\/p>\n\n\n\n<ul class=\"wp-block-list\">\n<li><a href=\"https:\/\/www.myffbad.fr\/connexion\" target=\"_blank\" rel=\"noreferrer noopener\">Myffbad<\/a> : site f\u00e9d\u00e9ral o\u00f9 vous pouvez retrouver toutes les infos f\u00e9d\u00e9rales : tournois, classement\u2026<\/li>\n\n\n\n<li><a href=\"http:\/\/badiste.fr\/liste-tournoi-badminton\" target=\"_blank\" rel=\"noreferrer noopener\">Badiste<\/a><\/li>\n\n\n\n<li><a href=\"https:\/\/www.badnet.org\/Src\/\" target=\"_blank\" rel=\"noreferrer noopener\">BadNet<\/a><\/li>\n<\/ul>\n\n\n\n<blockquote class=\"wp-block-quote is-layout-flow wp-block-quote-is-layout-flow\">\n<h3 class=\"wp-block-heading\">Les tournois jeunes amicaux<\/h3>\n<\/blockquote>\n\n\n\n<p>Ils se d\u00e9roulent le samedi apr\u00e8s midi sur la \u00ab grande r\u00e9gion malouine \u00bb (entre Pleurtuit et Dol de Bretagne).<\/p>\n\n\n\n<p>Le moyen le plus simple de mettre le pied \u00e0 la comp\u00e9tition pour les jeunes sans faire de grands d\u00e9placements<\/p>\n","protected":false},"excerpt":{"rendered":"<p>Les championnats Interclubs Cinq \u00e9quipes participent aux championnats interclubs : Tournois Deux types de tournois sont propos\u00e9s : Les tournois adultes officiels &nbsp; Ils se d\u00e9roulant en g\u00e9n\u00e9ral le week-end et le plus souvent aux alentours de Rennes. Bien \u00e9videmment, nous vous conseillons le premier des Tournois du 35 : le notre ! Depuis une &hellip; <a href=\"http:\/\/www.cjfbadminton-stmalo.com\/?page_id=2042\" class=\"more-link\">Continuer la lecture de <span class=\"screen-reader-text\">Comp\u00e9titions<\/span> <span class=\"meta-nav\">&rarr;<\/span><\/a><\/p>\n","protected":false},"author":2,"featured_media":0,"parent":2,"menu_order":0,"comment_status":"closed","ping_status":"closed","template":"","meta":{"ngg_post_thumbnail":0,"footnotes":""},"class_list":["post-2042","page","type-page","status-publish","hentry"],"_links":{"self":[{"href":"http:\/\/www.cjfbadminton-stmalo.com\/index.php?rest_route=\/wp\/v2\/pages\/2042","targetHints":{"allow":["GET"]}}],"collection":[{"href":"http:\/\/www.cjfbadminton-stmalo.com\/index.php?rest_route=\/wp\/v2\/pages"}],"about":[{"href":"http:\/\/www.cjfbadminton-stmalo.com\/index.php?rest_route=\/wp\/v2\/types\/page"}],"author":[{"embeddable":true,"href":"http:\/\/www.cjfbadminton-stmalo.com\/index.php?rest_route=\/wp\/v2\/users\/2"}],"replies":[{"embeddable":true,"href":"http:\/\/www.cjfbadminton-stmalo.com\/index.php?rest_route=%2Fwp%2Fv2%2Fcomments&post=2042"}],"version-history":[{"count":14,"href":"http:\/\/www.cjfbadminton-stmalo.com\/index.php?rest_route=\/wp\/v2\/pages\/2042\/revisions"}],"predecessor-version":[{"id":3002,"href":"http:\/\/www.cjfbadminton-stmalo.com\/index.php?rest_route=\/wp\/v2\/pages\/2042\/revisions\/3002"}],"up":[{"embeddable":true,"href":"http:\/\/www.cjfbadminton-stmalo.com\/index.php?rest_route=\/wp\/v2\/pages\/2"}],"wp:attachment":[{"href":"http:\/\/www.cjfbadminton-stmalo.com\/index.php?rest_route=%2Fwp%2Fv2%2Fmedia&parent=2042"}],"curies":[{"name":"wp","href":"https:\/\/api.w.org\/{rel}","templated":true}]}}