{"id":2339,"date":"2018-08-05T15:36:40","date_gmt":"2018-08-05T15:36:40","guid":{"rendered":"http:\/\/www.cjfbadminton-stmalo.com\/?page_id=2339"},"modified":"2025-09-14T20:32:39","modified_gmt":"2025-09-14T20:32:39","slug":"creneaux-jeunes","status":"publish","type":"page","link":"http:\/\/www.cjfbadminton-stmalo.com\/?page_id=2339","title":{"rendered":"Cr\u00e9neaux Jeunes"},"content":{"rendered":"<h2>Notre cr\u00e9neau Jeunes en 2025&#8230;<\/h2>\n<h3><strong>Les entra\u00eenements<\/strong> ont lieu :<\/h3>\n<blockquote><p><strong>A la salle UFS ROULLIER, Salle de la Timac \u00e0 Saint-Malo<\/strong><\/p><\/blockquote>\n<ul>\n<li><b>Vendredi : 17h30 &#8211; 19h &nbsp;:<\/b> entra\u00eenement pour les jeunes&nbsp;<\/li>\n<\/ul>\n<p>&nbsp;<\/p>\n<p><iframe loading=\"lazy\" title=\"Tournoi amical de badminton jeunes - CJF Saint-Malo 2019\" width=\"604\" height=\"340\" src=\"https:\/\/www.youtube.com\/embed\/Bryn7ScvNms?feature=oembed\" frameborder=\"0\" allow=\"accelerometer; autoplay; clipboard-write; encrypted-media; gyroscope; picture-in-picture; web-share\" referrerpolicy=\"strict-origin-when-cross-origin\" allowfullscreen><\/iframe><\/p>\n<p>&nbsp;<\/p>\n<p>&nbsp;<\/p>\n<p>&nbsp;<\/p>\n<p>&nbsp;<\/p>\n<p>&nbsp;<\/p>\n<p>&nbsp;<\/p>\n<p>&nbsp;<\/p>\n<p>&nbsp;<\/p>\n","protected":false},"excerpt":{"rendered":"<p>Notre cr\u00e9neau Jeunes en 2025&#8230; Les entra\u00eenements ont lieu : A la salle UFS ROULLIER, Salle de la Timac \u00e0 Saint-Malo Vendredi : 17h30 &#8211; 19h &nbsp;: entra\u00eenement pour les jeunes&nbsp; &nbsp; &nbsp; &nbsp; &nbsp; &nbsp; &nbsp; &nbsp; &nbsp; &nbsp;<\/p>\n","protected":false},"author":2,"featured_media":2328,"parent":2,"menu_order":0,"comment_status":"closed","ping_status":"closed","template":"","meta":{"ngg_post_thumbnail":0,"footnotes":""},"class_list":["post-2339","page","type-page","status-publish","has-post-thumbnail","hentry"],"_links":{"self":[{"href":"http:\/\/www.cjfbadminton-stmalo.com\/index.php?rest_route=\/wp\/v2\/pages\/2339","targetHints":{"allow":["GET"]}}],"collection":[{"href":"http:\/\/www.cjfbadminton-stmalo.com\/index.php?rest_route=\/wp\/v2\/pages"}],"about":[{"href":"http:\/\/www.cjfbadminton-stmalo.com\/index.php?rest_route=\/wp\/v2\/types\/page"}],"author":[{"embeddable":true,"href":"http:\/\/www.cjfbadminton-stmalo.com\/index.php?rest_route=\/wp\/v2\/users\/2"}],"replies":[{"embeddable":true,"href":"http:\/\/www.cjfbadminton-stmalo.com\/index.php?rest_route=%2Fwp%2Fv2%2Fcomments&post=2339"}],"version-history":[{"count":12,"href":"http:\/\/www.cjfbadminton-stmalo.com\/index.php?rest_route=\/wp\/v2\/pages\/2339\/revisions"}],"predecessor-version":[{"id":2931,"href":"http:\/\/www.cjfbadminton-stmalo.com\/index.php?rest_route=\/wp\/v2\/pages\/2339\/revisions\/2931"}],"up":[{"embeddable":true,"href":"http:\/\/www.cjfbadminton-stmalo.com\/index.php?rest_route=\/wp\/v2\/pages\/2"}],"wp:featuredmedia":[{"embeddable":true,"href":"http:\/\/www.cjfbadminton-stmalo.com\/index.php?rest_route=\/wp\/v2\/media\/2328"}],"wp:attachment":[{"href":"http:\/\/www.cjfbadminton-stmalo.com\/index.php?rest_route=%2Fwp%2Fv2%2Fmedia&parent=2339"}],"curies":[{"name":"wp","href":"https:\/\/api.w.org\/{rel}","templated":true}]}}

Créneaux Jeunes

<h2>Notre créneau Jeunes en 2025&#8230;</h2>
<h3><strong>Les entraînements</strong> ont lieu :</h3>
<blockquote><p><strong>A la salle UFS ROULLIER, Salle de la Timac à Saint-Malo</strong></p></blockquote>
<ul>
<li><b>Vendredi : 17h30 &#8211; 19h &nbsp;:</b> entraînement pour les jeunes&nbsp;</li>
</ul>
<p>&nbsp;</p>
<p><iframe loading="lazy" title="Tournoi amical de badminton jeunes - CJF Saint-Malo 2019" width="604" height="340" src="https://www.youtube.com/embed/Bryn7ScvNms?feature=oembed" frameborder="0" allow="accelerometer; autoplay; clipboard-write; encrypted-media; gyroscope; picture-in-picture; web-share" referrerpolicy="strict-origin-when-cross-origin" allowfullscreen></iframe></p>
<p>&nbsp;</p>
<p>&nbsp;</p>
<p>&nbsp;</p>
<p>&nbsp;</p>
<p>&nbsp;</p>
<p>&nbsp;</p>
<p>&nbsp;</p>
<p>&nbsp;</p>

<p>Notre créneau Jeunes en 2025&#8230; Les entraînements ont lieu : A la salle UFS ROULLIER, Salle de la Timac à Saint-Malo Vendredi : 17h30 &#8211; 19h &nbsp;: entraînement pour les jeunes&nbsp; &nbsp; &nbsp; &nbsp; &nbsp; &nbsp; &nbsp; &nbsp; &nbsp; &nbsp;</p>
