{"id":47,"date":"2010-10-02T14:54:56","date_gmt":"2010-10-02T14:54:56","guid":{"rendered":"http:\/\/geraldine.gouin.free.fr\/wordpress\/?page_id=47"},"modified":"2025-09-22T13:42:38","modified_gmt":"2025-09-22T13:42:38","slug":"tournois","status":"publish","type":"page","link":"http:\/\/www.cjfbadminton-stmalo.com\/?page_id=47","title":{"rendered":"Tournois"},"content":{"rendered":"<h2>Deux types de tournois sont propos\u00e9s :<\/h2>\n<blockquote>\n<h3>Les tournois adultes officiels<span style=\"font-size: 24px; font-style: italic; font-weight: 300; font-family: 'Source Sans Pro', Helvetica, sans-serif;\"> &nbsp;<\/span><\/h3>\n<\/blockquote>\n<p>Ils se d\u00e9roulant en g\u00e9n\u00e9ral le week-end et le plus souvent aux alentours de Rennes. Bien \u00e9videmment, nous vous conseillons <strong>le premier des Tournois du 35 : le notre ! <\/strong><\/p>\n<p>Depuis une dizaine d&rsquo;ann\u00e9e, 9 Tournois des Corsaires ont eu lieu et ont connus un grand succ\u00e8s aupr\u00e8s d&rsquo;un nombre croissant de participants. La prochaine \u00e9dition du Tournoi des Corsaires aura lieu les 21 et 22 f\u00e9vrier 2026.<\/p>\n<p><img loading=\"lazy\" decoding=\"async\" class=\"alignnone size-medium wp-image-2958\" src=\"http:\/\/www.cjfbadminton-stmalo.com\/wp-content\/uploads\/TournoiDesCorsaires2025-212x300.jpg\" alt=\"\" width=\"212\" height=\"300\" srcset=\"http:\/\/www.cjfbadminton-stmalo.com\/wp-content\/uploads\/TournoiDesCorsaires2025-212x300.jpg 212w, http:\/\/www.cjfbadminton-stmalo.com\/wp-content\/uploads\/TournoiDesCorsaires2025-724x1024.jpg 724w, http:\/\/www.cjfbadminton-stmalo.com\/wp-content\/uploads\/TournoiDesCorsaires2025-768x1086.jpg 768w, http:\/\/www.cjfbadminton-stmalo.com\/wp-content\/uploads\/TournoiDesCorsaires2025-1086x1536.jpg 1086w, http:\/\/www.cjfbadminton-stmalo.com\/wp-content\/uploads\/TournoiDesCorsaires2025-1448x2048.jpg 1448w, http:\/\/www.cjfbadminton-stmalo.com\/wp-content\/uploads\/TournoiDesCorsaires2025-scaled.jpg 1810w\" sizes=\"auto, (max-width: 212px) 100vw, 212px\" \/><img loading=\"lazy\" decoding=\"async\" class=\"alignnone size-medium wp-image-2541\" src=\"http:\/\/www.cjfbadminton-stmalo.com\/wp-content\/uploads\/Affiche-TC2020-WEB-LEG2-212x300.jpg\" alt=\"\" width=\"212\" height=\"300\" srcset=\"http:\/\/www.cjfbadminton-stmalo.com\/wp-content\/uploads\/Affiche-TC2020-WEB-LEG2-212x300.jpg 212w, http:\/\/www.cjfbadminton-stmalo.com\/wp-content\/uploads\/Affiche-TC2020-WEB-LEG2-768x1086.jpg 768w, http:\/\/www.cjfbadminton-stmalo.com\/wp-content\/uploads\/Affiche-TC2020-WEB-LEG2-724x1024.jpg 724w, http:\/\/www.cjfbadminton-stmalo.com\/wp-content\/uploads\/Affiche-TC2020-WEB-LEG2.jpg 886w\" sizes=\"auto, (max-width: 212px) 100vw, 212px\" \/><\/p>\n<p>Vous retrouvez la liste compl\u00e8te des tournois autoris\u00e9s sur les sites d\u00e9di\u00e9s<\/p>\n<ul>\n<li><a href=\"https:\/\/www.myffbad.fr\/connexion\" target=\"_blank\" rel=\"noopener\">Myffbad<\/a> : site f\u00e9d\u00e9ral o\u00f9 vous pouvez retrouver toutes les infos f\u00e9d\u00e9rales : tournois, classement&#8230;<\/li>\n<li><a href=\"http:\/\/badiste.fr\/liste-tournoi-badminton\" target=\"_blank\" rel=\"noopener\">Badiste<\/a><\/li>\n<li><a href=\"https:\/\/www.badnet.org\/Src\/\" target=\"_blank\" rel=\"noopener\">BadNet<\/a><\/li>\n<\/ul>\n<blockquote>\n<h3>Les tournois jeunes amicaux<\/h3>\n<\/blockquote>\n<p>Ils se d\u00e9roulent le samedi apr\u00e8s midi sur la \u00ab grande r\u00e9gion malouine \u00bb (entre Pleurtuit et Dol de Bretagne).<\/p>\n<p>Le moyen le plus simple de mettre le pied \u00e0 la comp\u00e9tition pour les jeunes sans faire de grands d\u00e9placements<\/p>\n","protected":false},"excerpt":{"rendered":"<p>Deux types de tournois sont propos\u00e9s : Les tournois adultes officiels &nbsp; Ils se d\u00e9roulant en g\u00e9n\u00e9ral le week-end et le plus souvent aux alentours de Rennes. Bien \u00e9videmment, nous vous conseillons le premier des Tournois du 35 : le notre ! Depuis une dizaine d&rsquo;ann\u00e9e, 9 Tournois des Corsaires ont eu lieu et ont &hellip; <a href=\"http:\/\/www.cjfbadminton-stmalo.com\/?page_id=47\" class=\"more-link\">Continuer la lecture de <span class=\"screen-reader-text\">Tournois<\/span> <span class=\"meta-nav\">&rarr;<\/span><\/a><\/p>\n","protected":false},"author":1,"featured_media":0,"parent":0,"menu_order":3,"comment_status":"closed","ping_status":"open","template":"","meta":{"ngg_post_thumbnail":0,"footnotes":""},"class_list":["post-47","page","type-page","status-publish","hentry"],"_links":{"self":[{"href":"http:\/\/www.cjfbadminton-stmalo.com\/index.php?rest_route=\/wp\/v2\/pages\/47","targetHints":{"allow":["GET"]}}],"collection":[{"href":"http:\/\/www.cjfbadminton-stmalo.com\/index.php?rest_route=\/wp\/v2\/pages"}],"about":[{"href":"http:\/\/www.cjfbadminton-stmalo.com\/index.php?rest_route=\/wp\/v2\/types\/page"}],"author":[{"embeddable":true,"href":"http:\/\/www.cjfbadminton-stmalo.com\/index.php?rest_route=\/wp\/v2\/users\/1"}],"replies":[{"embeddable":true,"href":"http:\/\/www.cjfbadminton-stmalo.com\/index.php?rest_route=%2Fwp%2Fv2%2Fcomments&post=47"}],"version-history":[{"count":19,"href":"http:\/\/www.cjfbadminton-stmalo.com\/index.php?rest_route=\/wp\/v2\/pages\/47\/revisions"}],"predecessor-version":[{"id":2960,"href":"http:\/\/www.cjfbadminton-stmalo.com\/index.php?rest_route=\/wp\/v2\/pages\/47\/revisions\/2960"}],"wp:attachment":[{"href":"http:\/\/www.cjfbadminton-stmalo.com\/index.php?rest_route=%2Fwp%2Fv2%2Fmedia&parent=47"}],"curies":[{"name":"wp","href":"https:\/\/api.w.org\/{rel}","templated":true}]}}